+ 2*n, -3*g = -6*g + 5*n + 16. List the prime factors of g.
7
Suppose 139 = 5*y + 9. Let h = y - 21. Suppose 0*c - 3*c = -5*i - 76, 86 = 3*c + h*i. What are the prime factors of c?
3
Let d(s) = 4*s**2 + 2*s - 2. Let p be d(-2). Suppose 13*k - p = 11*k. List the prime factors of k.
5
Suppose 0 = -i - 58 + 508. List the prime factors of i.
2, 3, 5
What are the prime factors of ((-80)/30)/(-4)*2649/2?
883
Let g(j) = 26*j. Let t be g(1). Suppose 2*r + 7 = z, -4*r + 5*z = -3*r + t. List the prime factors of r/(-1) - -9 - -2.
2, 3
Let w(g) = -2*g - 132*g**2 - 18 + 133*g**2 - 1. What are the prime factors of w(9)?
2, 11
Suppose 2*a = 3*u - 11, 4*u - 3 = -2*a + 3*a. Let l(m) = 2*m**2 + 12*m + 47. List the prime factors of l(a).
61
Let n = -302 + 307. Suppose 0 = -5*g + 4*g + 246. Suppose n*y - g = -41. List the prime factors of y.
41
Suppose 0 = 49*c - 47*c - 6054. List the prime factors of c.
3, 1009
Suppose 0 = -3*k - 4*a + 1728, 640 = k - 2*a + 54. List the prime factors of k.
2, 5, 29
Suppose 5859 + 483 = 14*a. List the prime factors of a.
3, 151
Let p(d) = -4*d + 7. Let u be p(3). Let v = u - -4. What are the prime factors of (-80)/(-5) - (-3 - v)?
2, 3
Suppose 3*b - 6 = 6. Suppose -4*s = -l - 15, 12 = b*s - 8. Suppose l*f - 35 - 25 = 0. List the prime factors of f.
2, 3
Suppose -5 = -k + 15. Suppose -k = d - 65. What are the prime factors of d?
3, 5
Let g(b) = b**2 - 6*b - 14. Let y be g(8). Suppose 0 = -y*w + 4*w - 6. Suppose 0 = 3*l - z - 41, 2*l + w*z + 0*z - 20 = 0. What are the prime factors of l?
13
Let m = -4 + 8. Let r = -7 + m. Let v(w) = -w**3 - 2*w - 4. List the prime factors of v(r).
29
List the prime factors of ((-37104)/42)/((-4)/14).
2, 773
Let k(t) = t**3 + 3*t**2 + 2*t + 3. Let h be k(-2). Suppose 16 = -h*d - 2. What are the prime factors of ((-9)/4)/(d/16)?
2, 3
Let n(j) = 12*j - 6. What are the prime factors of n(5)?
2, 3
Let x(u) = -u + 10. Let m be x(7). Let r be (-6)/(-18) + (-7)/m. List the prime factors of (r/4)/(2/(-88)).
2, 11
Suppose -2*q + 161 = -6*q + h, -5*q - 180 = 3*h. Suppose 3*r - 4 + 19 = 0. Let c = r - q. List the prime factors of c.
2, 17
Suppose -4941 + 15105 = 44*m. What are the prime factors of m?
3, 7, 11
Let q(r) = -52*r - 114. What are the prime factors of q(-15)?
2, 3, 37
Let m = 39 - 35. Suppose 2*c + 100 = k - 2*c, 2*c = -m*k + 436. List the prime factors of k.
2, 3
Let t(m) = m**3 - 3*m - 3. Let k be t(-2). Let h = 39 + k. What are the prime factors of h?
2, 17
Let i(n) = 9*n - 22. Let g be i(3). What are the prime factors of 58 - (-7)/(7/g)?
3, 7
Let y(k) = k**2 + 16*k + 43. List the prime factors of y(20).
7, 109
Let l(u) = 22*u + 25. What are the prime factors of l(21)?
487
What are the prime factors of ((-3)/(-2))/((-1)/(14728/(-21)))?
2, 263
What are the prime factors of (-5087)/(-8) - (-47)/376?
2, 3, 53
Suppose 1385 = s - 2*t - t, 2*s - 2773 = 3*t. List the prime factors of s.
2, 347
Suppose 7964 + 9956 = 35*m. List the prime factors of m.
2
Suppose -2*w = 3*f - 5, f + 3*w - 9 = -2*f. List the prime factors of f + 77 + 4 + -8.
2, 3
Let d be 2*-4*(-50)/(-20). List the prime factors of (d - -9)/(3/(-27)).
3, 11
Suppose -d = -m - m - 339, 5*d = -4*m + 1723. What are the prime factors of d?
7
Let k(x) = x**2 - 9*x + 1. Let v = -14 - -23. Let o be k(v). List the prime factors of -1 - ((-2)/o + -41).
2, 3, 7
Suppose 18 = 4*g + 2*c, -2*g - 3*g - 5*c = -30. Suppose g*q = -2*a - 3 - 15, 0 = -3*a + 2*q - 27. Let p = 17 + a. List the prime factors of p.
2
Let h(u) = 551*u**2 + 17*u + 1. What are the prime factors of h(-1)?
5, 107
Let q = 2115 + -1454. What are the prime factors of q?
661
Let h(s) be the third derivative of s**5/10 + 2*s**3/3 + 5*s**2. Let p be h(3). Let c = p - 39. What are the prime factors of c?
19
Suppose -3*d = 1 - 13. Suppose 3*q + 4*a - 382 = d, -5*q + 620 = 2*a. List the prime factors of q.
2, 61
Suppose -5*p = 5*f - 3*p + 165, -4*f = -2*p + 114. Let t = -23 - f. List the prime factors of t.
2
Let u(r) = -49*r - 24. Let f = 17 + -21. List the prime factors of u(f).
2, 43
Let a be -81 + (-9)/(9/(-4)). Let c = a - -128. What are the prime factors of c?
3, 17
Let j(p) = 3*p**2 + 6*p - 2. Suppose -4*i + 21 = 3*i. What are the prime factors of j(i)?
43
Let i(c) = 47*c - 3. Let p be i(2). Let z be (p - (3 - 3)) + -1. Suppose 5*o - 2*n = z, o + n - 18 = -0*n. List the prime factors of o.
2, 3
Let u(k) be the second derivative of k**4/12 + 11*k**3/6 - k**2 + 17*k. What are the prime factors of u(8)?
2, 3, 5
Suppose 2*m + 1 = 7, -z = m - 1492. List the prime factors of z.
1489
Suppose 2*n + 3*n - 4*f = 6713, -1331 = -n - 5*f. What are the prime factors of n?
3, 149
What are the prime factors of (29/(377/182))/((-1)/(-103))?
2, 7, 103
Let f(z) be the first derivative of 29*z**2/2 + 3*z + 1. Suppose -4*u + 3*p = -1, -3*u - 2 = -2*u - 3*p. What are the prime factors of f(u)?
2
Suppose 2*g - 1212 = -5*b, 5*b + 1645 + 719 = 4*g. What are the prime factors of g?
2, 149
List the prime factors of 4/((2/1)/1) + 1389.
13, 107
Let b(o) = -o**3 - 6*o**2 + 6*o + 2. Let g be b(-7). Suppose -6*y = -9*y + g. Suppose -2*x - x - 3*j = -63, -98 = -4*x + y*j. List the prime factors of x.
23
Suppose z - 5 = -0*z. Let x be (-2)/z - (-37)/5. Suppose -3*d + 74 = -x. List the prime factors of d.
3
Let g(c) = 33*c**2 - 12. List the prime factors of g(3).
3, 5, 19
Let v(a) = a**3 - 21*a**2 - 42*a + 4. List the prime factors of v(23).
2, 3
Suppose -5*x - 5*m = -35, 2*x = -3*m - 0*m + 17. Suppose x*f - 286 - 50 = 0. List the prime factors of f.
2, 3, 7
Let h(q) = 5*q - 81. Let p(s) = s - 1. Let r(o) = -h(o) + 4*p(o). Let j be r(0). Suppose v = 3*i - j, v + 48 = 2*i + 2*v. What are the prime factors of i?
5
Let g(s) = s**3 + 10*s**2 + 2. Let d be g(-10). Let a = d + 2. What are the prime factors of 59/a + 4/16?
3, 5
Let v be (25/2)/(4/48). Let j = v + -51. List the prime factors of j.
3, 11
Let a be 4/5 + 6/5. Let n = -30 - -32. Suppose -n*d = -4*g - 30, a*g = -3*d - 0*g + 13. List the prime factors of d.
7
Suppose -5*u = 5*k - 255, 4*u + k = 94 + 95. Suppose -3*g = -u - 110. List the prime factors of g.
2, 13
Let d(a) = a - 3. Let u be d(3). Let p(x) = 2 + 0 + u + 3*x + 0*x. List the prime factors of p(3).
11
Let p(r) = -r**3 + 2*r**2 + r - 3. Let d be p(2). What are the prime factors of (-23 + 22)*(-182 + (d - -1))?
2, 7, 13
Let h(n) = -n**3 + 24*n**2 + 186*n + 47. List the prime factors of h(30).
227
What are the prime factors of (-4)/(((-312)/(-36090))/(-13))?
3, 5, 401
Suppose 16 = 4*u - 2*u - 2*q, -4*q + 17 = 3*u. Suppose -5 = -u*t + 6*t. List the prime factors of (-2)/(-1*t/75).
2, 3, 5
Let w = 3662 - 1507. What are the prime factors of w?
5, 431
Let o(q) = 2*q**2 - 3*q - 19. Let z be o(-4). Suppose 0 = 3*k - 5 + 50. Let i = k + z. List the prime factors of i.
2, 5
Suppose 15*o = 10*o + 3875. List the prime factors of o.
5, 31
Let f = 70 - 196. Let v = 199 + f. What are the prime factors of v?
73
Let w(k) = k**3 + 11*k**2 + k + 13. Let q be w(-11). Suppose -3*t = -0*t. Suppose t = i - 2*i - 5, 3*i + 5 = -q*p. List the prime factors of p.
5
Suppose 0 = 16*c - 3491 - 573. List the prime factors of c.
2, 127
Let b(i) = 2*i - 8. Let t = 1 - -5. Let d be b(t). Suppose -8 = -5*k + d*k. What are the prime factors of k?
2
Suppose -2*q - 3*d = 3, -d + 1 + 8 = -q. List the prime factors of ((-270)/(-21))/(q/7 + 1).
2, 3, 5
Let s be 3/(-6)*(1 - -1). Let w(o) be the second derivative of -6*o**5/5 + o**3/2 + o**2 - o. List the prime factors of w(s).
23
Let i be (-536)/(-14) - 4/14. Let y = i + -5. What are the prime factors of y?
3, 11
Suppose -2*v - 4 = -14. Suppose 0 = v*q - 9*q - 4. List the prime factors of (-6 + q)*4/(-2).
2, 7
Let m(q) = -12*q - 17. Let i(b) = -b**3 + 2*b**2 - b - 4. Let d be i(0). List the prime factors of m(d).
31
Let o = 15 - 8. Let u(n) = -o*n + 1 + 2 + 2*n**2 - 3*n**2 + 4. List the prime factors of u(-6).
13
Suppose 0 = -6*x + 2978 + 760. List the prime factors of x.
7, 89
Let r be 12/7 - (-8)/28. Suppose 5*o - 10 = 0, 0 = -3*t + r*o + 62 + 27. What are the prime factors of t?
31
Let i be 4 - (33 + 5) - 3/1. Let z = 173 - i. List the prime factors of z.
2, 3, 5, 7
Let t(x) = -3*x + 39. Let j be t(13). Suppose a + j*a = 3*v - 241, v - 72 = 2*a. What are the prime factors of v?
2, 41
Let r = -